{"id":612,"date":"2023-03-02T21:55:39","date_gmt":"2023-03-02T20:55:39","guid":{"rendered":"http:\/\/ujakbls.cluster031.hosting.ovh.net\/?page_id=612"},"modified":"2023-03-03T21:11:56","modified_gmt":"2023-03-03T20:11:56","slug":"bulletin-n6-annee-2013","status":"publish","type":"page","link":"https:\/\/www.societegeolardeche.com\/index.php\/bulletin-n6-annee-2013\/","title":{"rendered":"Bulletin N\u00b06 ann\u00e9e 2013"},"content":{"rendered":"\n<figure class=\"wp-block-table\"><table>\n<tbody>\n<tr>\n<td colspan=\"3\" rowspan=\"1\" style=\"vertical-align: top;\"><strong>2013:\n&nbsp; &nbsp; Num\u00e9ro 6<\/strong><\/td>\n<\/tr>\n<tr>\n<td colspan=\"1\" rowspan=\"7\" style=\"vertical-align: top;\"><a href=\"\"><img decoding=\"async\" alt=\"bulletin SGA 6\" src=\"http:\/\/www.monamiph.eu\/SGA\/orig\/Scanbul6r.jpg\"><\/a><\/td>\n<\/tr>\n<tr>\n<td>Voyage g\u00e9ologique de l&rsquo;eau en Ard\u00e8che<\/td>\n<td>L.Courel<\/td>\n<\/tr>\n<tr>\n<td>Histoire g\u00e9ologique de Mirabel en Coiron<\/td>\n<td>G.Naud<\/td>\n<\/tr>\n<tr>\n<td>Etude sur les pierres \u00e0 venin<\/td>\n<td>H.Berton<\/td>\n<\/tr>\n<tr>\n<td>Un si\u00e8cle de tuilerie \u00e0 Chagnac (07) Berrias<\/td>\n<td>J.Sarm\u00e9jeanne<\/td>\n<\/tr>\n<tr>\n<td>Bassins et ouvrages rupestres en Ard\u00e8che<\/td>\n<td>M.Rouvi\u00e8re<\/td>\n<\/tr>\n<tr>\n<td>Les mat\u00e9riaux utilis\u00e9s dans l&rsquo;\u00e9glise de Vesseaux<\/td>\n<td>G.Naud<\/td>\n<\/tr>\n<\/tbody>\n<\/table><div class=\"results-btn\">\n<button onclick=\"history.go(-1);\"><i class=\"fas fa-arrow-left\"><\/i> Retour bulletins<\/button>\n<\/div><\/figure>\n","protected":false},"excerpt":{"rendered":"<p>2013: &nbsp; &nbsp; Num\u00e9ro 6 Voyage g\u00e9ologique de l&rsquo;eau en Ard\u00e8che L.Courel Histoire g\u00e9ologique de Mirabel en Coiron G.Naud Etude sur les pierres \u00e0 venin H.Berton Un si\u00e8cle de tuilerie \u00e0 Chagnac (07) Berrias J.Sarm\u00e9jeanne Bassins et ouvrages rupestres en Ard\u00e8che M.Rouvi\u00e8re Les mat\u00e9riaux utilis\u00e9s dans l&rsquo;\u00e9glise de Vesseaux G.Naud Retour bulletins<\/p>\n","protected":false},"author":4,"featured_media":0,"parent":0,"menu_order":0,"comment_status":"closed","ping_status":"closed","template":"","meta":{"site-sidebar-layout":"default","site-content-layout":"default","ast-global-header-display":"","ast-banner-title-visibility":"","ast-main-header-display":"","ast-hfb-above-header-display":"","ast-hfb-below-header-display":"","ast-hfb-mobile-header-display":"","site-post-title":"","ast-breadcrumbs-content":"","ast-featured-img":"","footer-sml-layout":"","theme-transparent-header-meta":"","adv-header-id-meta":"","stick-header-meta":"","header-above-stick-meta":"","header-main-stick-meta":"","header-below-stick-meta":"","footnotes":""},"class_list":["post-612","page","type-page","status-publish","hentry"],"_links":{"self":[{"href":"https:\/\/www.societegeolardeche.com\/index.php\/wp-json\/wp\/v2\/pages\/612","targetHints":{"allow":["GET"]}}],"collection":[{"href":"https:\/\/www.societegeolardeche.com\/index.php\/wp-json\/wp\/v2\/pages"}],"about":[{"href":"https:\/\/www.societegeolardeche.com\/index.php\/wp-json\/wp\/v2\/types\/page"}],"author":[{"embeddable":true,"href":"https:\/\/www.societegeolardeche.com\/index.php\/wp-json\/wp\/v2\/users\/4"}],"replies":[{"embeddable":true,"href":"https:\/\/www.societegeolardeche.com\/index.php\/wp-json\/wp\/v2\/comments?post=612"}],"version-history":[{"count":6,"href":"https:\/\/www.societegeolardeche.com\/index.php\/wp-json\/wp\/v2\/pages\/612\/revisions"}],"predecessor-version":[{"id":739,"href":"https:\/\/www.societegeolardeche.com\/index.php\/wp-json\/wp\/v2\/pages\/612\/revisions\/739"}],"wp:attachment":[{"href":"https:\/\/www.societegeolardeche.com\/index.php\/wp-json\/wp\/v2\/media?parent=612"}],"curies":[{"name":"wp","href":"https:\/\/api.w.org\/{rel}","templated":true}]}}