{"id":395,"date":"2023-03-01T18:05:26","date_gmt":"2023-03-01T17:05:26","guid":{"rendered":"http:\/\/ujakbls.cluster031.hosting.ovh.net\/?page_id=395"},"modified":"2023-03-01T19:04:04","modified_gmt":"2023-03-01T18:04:04","slug":"2007-2010","status":"publish","type":"page","link":"https:\/\/www.societegeolardeche.com\/index.php\/2007-2010\/","title":{"rendered":"2007-2010"},"content":{"rendered":"\n<figure class=\"wp-block-table\"><table><tbody><tr><td><a href=\"http:\/\/ujakbls.cluster031.hosting.ovh.net\/index.php\/2007-2\/\" data-type=\"page\" data-id=\"433\">2007<\/a><\/td><td><a href=\"http:\/\/ujakbls.cluster031.hosting.ovh.net\/index.php\/2008-2\/\" data-type=\"page\" data-id=\"431\">2008<\/a><\/td><td><a href=\"http:\/\/ujakbls.cluster031.hosting.ovh.net\/index.php\/2009-2\/\" data-type=\"page\" data-id=\"429\">2009<\/a><\/td><td><a href=\"http:\/\/ujakbls.cluster031.hosting.ovh.net\/index.php\/2010-2\/\" data-type=\"page\" data-id=\"427\">2010<\/a><\/td><\/tr><\/tbody><\/table><\/figure>\n\n\n\n<p><\/p>\n\n\n\n<p>Les liens correspondent \u00e0 des  regroupements de liens  par ann\u00e9es vers les pages de l&rsquo;ancien site sauvegard\u00e9es sur l&rsquo;espace personnel de D.NARDIN.<\/p>\n","protected":false},"excerpt":{"rendered":"<p>2007 2008 2009 2010 Les liens correspondent \u00e0 des regroupements de liens par ann\u00e9es vers les pages de l&rsquo;ancien site sauvegard\u00e9es sur l&rsquo;espace personnel de D.NARDIN.<\/p>\n","protected":false},"author":4,"featured_media":0,"parent":0,"menu_order":0,"comment_status":"closed","ping_status":"closed","template":"","meta":{"site-sidebar-layout":"default","site-content-layout":"default","ast-global-header-display":"","ast-banner-title-visibility":"","ast-main-header-display":"","ast-hfb-above-header-display":"","ast-hfb-below-header-display":"","ast-hfb-mobile-header-display":"","site-post-title":"","ast-breadcrumbs-content":"","ast-featured-img":"","footer-sml-layout":"","theme-transparent-header-meta":"","adv-header-id-meta":"","stick-header-meta":"","header-above-stick-meta":"","header-main-stick-meta":"","header-below-stick-meta":"","footnotes":""},"class_list":["post-395","page","type-page","status-publish","hentry"],"_links":{"self":[{"href":"https:\/\/www.societegeolardeche.com\/index.php\/wp-json\/wp\/v2\/pages\/395","targetHints":{"allow":["GET"]}}],"collection":[{"href":"https:\/\/www.societegeolardeche.com\/index.php\/wp-json\/wp\/v2\/pages"}],"about":[{"href":"https:\/\/www.societegeolardeche.com\/index.php\/wp-json\/wp\/v2\/types\/page"}],"author":[{"embeddable":true,"href":"https:\/\/www.societegeolardeche.com\/index.php\/wp-json\/wp\/v2\/users\/4"}],"replies":[{"embeddable":true,"href":"https:\/\/www.societegeolardeche.com\/index.php\/wp-json\/wp\/v2\/comments?post=395"}],"version-history":[{"count":4,"href":"https:\/\/www.societegeolardeche.com\/index.php\/wp-json\/wp\/v2\/pages\/395\/revisions"}],"predecessor-version":[{"id":436,"href":"https:\/\/www.societegeolardeche.com\/index.php\/wp-json\/wp\/v2\/pages\/395\/revisions\/436"}],"wp:attachment":[{"href":"https:\/\/www.societegeolardeche.com\/index.php\/wp-json\/wp\/v2\/media?parent=395"}],"curies":[{"name":"wp","href":"https:\/\/api.w.org\/{rel}","templated":true}]}}